5
What is -3 (base 5) in base 8?
-3
-10 (base 15) to base 9
-16
Convert 20 (base 12) to base 9.
26
44 (base 5) to base 9
26
What is 2 (base 12) in base 8?
2
What is 12 (base 9) in base 3?
102
12 (base 8) to base 7
13
20 (base 15) to base 2
11110
What is -46 (base 7) in base 8?
-42
What is -1000110 (base 2) in base 3?
-2121
What is 1 (base 11) in base 16?
1
Convert 2b (base 14) to base 5.
124
34 (base 6) to base 11
20
Convert 6 (base 9) to base 15.
6
Convert -1001 (base 2) to base 10.
-9
103 (base 6) to base 15
29
254 (base 9) to base 12
157
354 (base 6) to base 13
ac
Convert -3 (base 12) to base 6.
-3
What is -16 (base 14) in base 16?
-14
What is 2102 (base 3) in base 6?
145
25 (base 10) to base 7
34
What is 101 (base 2) in base 16?
5
Convert -3 (base 13) to base 16.
-3
What is 8 (base 10) in base 4?
20
What is 32 (base 10) in base 5?
112
Convert -4 (base 16) to base 14.
-4
What is -4d (base 14) in base 8?
-105
2220 (base 5) to base 12
21a
What is 12 (base 10) in base 8?
14
-1 (base 14) to base 12
-1
-131 (base 9) to base 7
-214
What is 134 (base 6) in base 16?
3a
What is 14 (base 8) in base 11?
11
-30 (base 9) to base 16
-1b
Convert 11 (base 16) to base 5.
32
Convert -4 (base 7) to base 4.
-10
2 (base 12) to base 16
2
-2 (base 16) to base 4
-2
What is -122 (base 5) in base 9?
-41
What is 3 (base 7) in base 14?
3
What is -11110 (base 2) in base 4?
-132
What is 99 (base 10) in base 2?
1100011
Convert 2 (base 3) to base 15.
2
What is -12 (base 3) in base 16?
-5
Convert -2 (base 9) to base 15.
-2
What is -7 (base 10) in base 12?
-7
What is -d3 (base 14) in base 2?
-10111001
What is 43 (base 16) in base 5?
232
What is 100 (base 8) in base 5?
224
60 (base 7) to base 2
101010
Convert 24 (base 13) to base 9.
33
What is -14 (base 7) in base 8?
-13
-6a (base 15) to base 3
-10201
Convert -57 (base 15) to base 13.
-64
-b (base 16) to base 15
-b
Convert -9 (base 11) to base 5.
-14
9 (base 14) to base 13
9
What is -32 (base 9) in base 8?
-35
4 (base 13) to base 10
4
What is -12 (base 3) in base 9?
-5
What is 21 (base 15) in base 16?
1f
What is 0 (base 15) in base 5?
0
What is -1 (base 10) in base 2?
-1
What is 3 (base 8) in base 5?
3
0 (base 14) to base 3
0
Convert 228 (base 12) to base 4.
11000
What is 8 (base 10) in base 12?
8
What is -3 (base 14) in base 3?
-10
-100 (base 5) to base 7
-34
-c1 (base 15) to base 8
-265
4 (base 8) to base 9
4
What is -11 (base 2) in base 14?
-3
-23a (base 11) to base 16
-11d
303 (base 4) to base 14
39
55 (base 12) to base 16
41
What is 21211 (base 3) in base 10?
211
What is -3 (base 16) in base 2?
-11
35 (base 8) to base 4
131
Convert 3 (base 4) to base 13.
3
41 (base 12) to base 3
1211
-330 (base 4) to base 8
-74
Convert 1 (base 14) to base 6.
1
Convert -104 (base 8) to base 10.
-68
6c (base 16) to base 6
300
What is -a1 (base 14) in base 15?
-96
132 (base 7) to base 14
52
Convert -121 (base 7) to base 16.
-40
1 (base 15) to base 13
1
-5 (base 11) to base 15
-5
What is 2 (base 7) in base 16?
2
What is 14 (base 11) in base 2?
1111
What is 6 (base 15) in base 5?
11
What is -4 (base 9) in base 5?
-4
Convert -16 (base 8) to base 6.
-22
What is 12 (base 13) in base 6?
23
What is -4 (base 6) in base 2?
-100
-134 (base 7) to base 12
-62
-72 (base 8) to base 3
-2011
What is 1121 (base 3) in base 7?
61
Convert -95 (base 10) to base 4.
-1133
Convert -1055 (base 6) to base 7.
-506
70 (base 13) to base 16
5b
Convert -2 (base 7) to base 10.
-2
-22 (base 6) to base 7
-20
What is 113 (base 12) in base 6?
423
Convert -2 (base 9) to base 3.
-2
-193 (base 11) to base 7
-436
What is -115 (base 6) in base 15?
-32
What is 111 (base 2) in base 14?
7
Convert 11020 (base 3) to base 2.
1110010
What is -1 (base 8) in base 6?
-1
What is 10 (base 5) in base 4?
11
Convert 0 (base 5) to base 15.
0
What is 1140 (base 6) in base 10?
276
What is -22 (base 3) in base 9?
-8
Convert 4 (base 16) to base 10.
4
Convert 8 (base 12) to base 2.
1000
What is -1a (base 14) in base 15?
-19
-6b (base 13) to base 14
-65
What is 7 (base 15) in base 9?
7
3 (base 16) to base 14
3
-1 (base 12) to base 2
-1
What is 0 (base 16) in base 11?
0
What is 295 (base 10) in base 12?
207
1010 (base 2) to base 13
a
What is -2a (base 11) in base 9?
-35
What is 46 (base 13) in base 7?
112
What is 1212 (base 4) in base 12?
86
Convert 5 (base 8) to base 15.
5
What is 4 (base 13) in base 7?
4
3 (base 5) to base 13
3
Convert 29 (base 10) to base 4.
131
Convert 152 (base 6) to base 16.
44
What is -160 (base 7) in base 6?
-231
Convert 46 (base 14) to base 9.
68
What is -11 (base 2) in base 13?
-3
Convert 6 (base 10) to base 13.
6
What is -100010 (base 2) in base 11?
-31
Convert -5 (base 16) to base 8.
-5
What is -53 (base 14) in base 8?
-111
-131 (base 6) to base 4
-313
Convert 357 (base 8) to base 10.
239
What is -4 (base 12) in base 3?
-11
Convert 11 (base 11) to base 8.
14
13 (base 12) to base 7
21
What is 64 (base 14) in base 5?
323
-24 (base 12) to base 14
-20
Convert 10 (base 2) to base 7.
2
Convert 156 (base 9) to base 16.
84
Convert -160 (base 13) to base 16.
-f7
d (base 15) to base 3
111
What is -11 (base 12) in base 13?
-10
Convert -3 (base 16) to base 2.
-11
Convert 3d (base 16) to base 11.
56
101 (base 2) to base 10
5
Convert -15 (base 7) to base 12.
-10
What is -102 (base 3) in base 14?
-b
-23 (base 11) to base 10
-25
Convert -3 (base 5) to base 12.
-3
2 (base 4) to base 8
2
Convert -12 (base 8) to base 14.
-a
2 (base 8) to base 6
2
-2 (base 5) to base 13
-2
Convert -11100110 (base 2) to base 5.
-1410
What is -2 (base 3) in base 14?
-2
-17a (base 11) to base 10
-208
What is 13 (base 8) in base 5?
21
What is 22 (base 10) in base 16?
16
Convert 19 (base 10) to base 16.
13
Convert 3 (base 10) to base 7.
3
-3 (base 4) to base 16
-3
Convert 2 (base 11) to base 10.
2
Convert -1 (base 8) to base 9.
-1
What is 60 (base 10) in base 13?
48
7 (base 15) to base 5
12
-1 (base 7) to base 10
-1
5 (base 8) to base 14
5
102 (base 4) to base 9
20
What is 0 (base 3) in base 7?
0
27 (base 14) to base 4
203
141 (base 11) to base 15
b1
What is -73 (base 13) in base 11?
-86
Convert f (base 16) to base 13.
12
Convert -4 (base 15) to base 6.
-4
Convert 1 (base 9) to base 3.
1
What is 1 (base 16) in base 14?
1
What is -2 (base 15) in base 8?
-2
Convert 3 (base 15) to base 14.
3
Convert 7 (base 10) to base 14.
7
3 (base 11) to base 9
3
What is -44 (base 9) in base 4?
-220
1 (base 11) to base 5
1
What is -5 (base 10) in base 11?
-5
4 (base 10) to base 13
4
Convert -2001 (base 3) to base 5.
-210
-1 (base 2) to base 10
-1
What is -14 (base 8) in base 14?
-c
What is 1 (base 11) in base 6?
1
-7 (base 16) to base 15
-7
4 (base 15) to base 8
4
What is -256 (base 9) in base 2?
-11010101
What is -234 (base 5) in base 15?
-49
11 (base 4) to base 13
5
Convert 2 (base 15) to base 8.
2
-10 (base 12) to base 8
-14
-7 (base 11) to base 10
-7
Convert 4 (base 10) to base 13.
4
Convert 0 (base 3) to base 6.
0
Convert 41 (base 6) to base 9.
27
Convert 10000 (base 2) to base 7.
22
-70 (base 13) to base 11
-83
-2 (base 8) to base 6
-2
What is 0 (base 16) in base 15?
0
-16 (base 13) to base 10
-19
Convert -31 (base 9) to base 5.
-103
-14 (base 6) to base 14
-a
Convert -5 (base 16) to base 2.
-101
What is 0 (base 4) in base 15?
0
-15 (base 7) to base 10
-12
What is 21 (base 10) in base 13?
18
-311 (base 4) to base 16
-35
What is 18 (base 9) in base 15?
12
What is 1b (base 12) in base 9?
25
Convert 1 (base 4) to base 2.
1
Convert -128 (base 12) to base 7.
-341
110 (base 4) to base 15
15
Convert 4 (base 13) to base 9.
4
-2 (base 16) to base 4
-2
110010 (base 2) to base 12
42
Convert -3 (base 6) to base 13.
-3
Convert -175 (base 13) to base 2.
-100001001
What is 4 (base 11) in base 2?
100
What is 2 (base 16) in base 11?
2
-1 (base 16) to base 4
-1
What is 15 (base 8) in base 6?
21
What is -44 (base 8) in base 2?
-100100
Convert 101 (base 3) to base 2.
1010
0 (base 2) to base 4
0
Convert 110 (base 10) to base 13.
86
6 (base 14) to base 9
6
Convert 2 (base 13) to base 7.
2
-14 (base 14) to base 2
-10010
What is -10 (base 8) in base 9?
-8
-3 (base 15) to base 2
-11
-54 (base 16) to base 9
-103
1030 (base 4) to base 5
301
What is -5 (base 15) in base 13?
-5
Convert 112 (base 11) to base 2.
10000110
13 (base 4) to base 16
7
What i